st common divisor of 6 and 342246?
6
What is the greatest common factor of 510 and 61770?
30
Calculate the greatest common factor of 345 and 87078.
69
Calculate the highest common factor of 46 and 8.
2
What is the greatest common divisor of 573032 and 166?
166
What is the highest common divisor of 3281 and 1003?
17
Calculate the highest common divisor of 3392 and 3551.
53
What is the greatest common factor of 8725 and 5?
5
What is the greatest common divisor of 105 and 2775675?
105
Calculate the highest common divisor of 86597 and 21.
7
What is the highest common divisor of 18582 and 1311?
57
What is the greatest common divisor of 1350 and 5310?
90
Calculate the greatest common divisor of 66 and 129558.
66
What is the highest common divisor of 84 and 198444?
12
What is the highest common divisor of 161 and 50351?
7
What is the highest common factor of 2 and 298893?
1
What is the highest common divisor of 38380 and 41410?
1010
Calculate the highest common factor of 1950 and 5226.
78
What is the highest common factor of 9842 and 406?
14
What is the highest common factor of 1720 and 23134?
86
What is the highest common factor of 101455 and 45835?
515
What is the highest common factor of 22983 and 57?
3
Calculate the highest common divisor of 121114 and 2583.
287
What is the highest common divisor of 473957 and 121?
121
What is the highest common divisor of 66283 and 476?
119
Calculate the highest common factor of 275 and 434425.
25
What is the highest common factor of 219 and 1047?
3
What is the highest common divisor of 366 and 134444?
122
Calculate the greatest common divisor of 15376 and 10544.
16
Calculate the greatest common divisor of 1551 and 26508.
141
Calculate the greatest common factor of 846 and 97854.
282
What is the greatest common divisor of 266265 and 135?
45
What is the highest common divisor of 6 and 44106?
6
What is the greatest common factor of 31 and 52421?
31
What is the highest common divisor of 1370 and 207555?
685
What is the highest common factor of 302492 and 376?
188
What is the highest common divisor of 88 and 3328512?
88
What is the highest common factor of 7 and 4956?
7
Calculate the greatest common divisor of 7086 and 72.
6
Calculate the highest common divisor of 168 and 10934.
14
Calculate the highest common factor of 1726824 and 108.
12
What is the highest common divisor of 54572 and 84?
28
What is the highest common factor of 17920 and 620?
20
What is the highest common factor of 104665 and 110?
55
What is the highest common factor of 1872 and 11472?
48
What is the greatest common factor of 14157092 and 452?
452
Calculate the greatest common factor of 49420 and 140.
140
What is the greatest common divisor of 87681 and 99?
33
What is the highest common factor of 91 and 10933?
13
What is the highest common factor of 24628 and 7598?
262
What is the highest common factor of 2112 and 714?
6
What is the greatest common factor of 181263 and 1184?
37
Calculate the greatest common factor of 11424 and 3072.
96
What is the highest common divisor of 28 and 1573054?
14
Calculate the highest common factor of 67650 and 82.
82
Calculate the highest common divisor of 221560 and 290.
290
What is the greatest common factor of 4077300 and 12?
12
Calculate the highest common factor of 105 and 249725.
35
What is the greatest common divisor of 23419 and 66?
11
What is the greatest common factor of 40 and 1252?
4
What is the greatest common factor of 294 and 20454?
42
What is the highest common divisor of 558 and 8802?
18
What is the greatest common divisor of 748454 and 126?
14
Calculate the greatest common factor of 695 and 823297.
139
Calculate the greatest common divisor of 595 and 6921635.
595
What is the highest common factor of 21 and 769314?
21
What is the greatest common factor of 6264 and 4968?
216
What is the highest common divisor of 588686 and 42?
14
Calculate the greatest common factor of 2024 and 2484.
92
Calculate the greatest common factor of 1276 and 22156.
116
Calculate the greatest common divisor of 89394 and 1128.
282
Calculate the greatest common factor of 110967 and 3102.
141
Calculate the highest common divisor of 4576 and 220.
44
Calculate the highest common divisor of 749 and 31339.
7
What is the highest common factor of 12 and 7868?
4
Calculate the highest common divisor of 24890 and 1260.
10
What is the highest common divisor of 26576 and 1510?
302
Calculate the greatest common factor of 858 and 13156.
286
What is the greatest common factor of 63316 and 66?
22
What is the highest common factor of 1185 and 3885?
15
What is the highest common factor of 150 and 480?
30
Calculate the highest common divisor of 702 and 63258.
78
Calculate the highest common divisor of 238487 and 23.
23
Calculate the highest common factor of 97664 and 4256.
224
Calculate the greatest common factor of 2 and 8091.
1
What is the greatest common divisor of 258 and 15114?
6
What is the greatest common divisor of 885750 and 1500?
750
Calculate the greatest common factor of 40554 and 7830.
54
Calculate the greatest common factor of 49766 and 501.
167
Calculate the greatest common factor of 3772 and 198973.
943
Calculate the greatest common divisor of 199859 and 22.
11
Calculate the highest common factor of 161 and 246491.
161
Calculate the greatest common divisor of 102890 and 20.
10
Calculate the highest common factor of 550 and 44990.
110
Calculate the greatest common factor of 62610 and 60.
30
Calculate the greatest common divisor of 1169091 and 441.
441
Calculate the greatest common factor of 1811384 and 323.
323
What is the highest common factor of 39530 and 60?
10
What is the greatest common factor of 133 and 25669?
133
Calculate the greatest common factor of 509084 and 4.
4
Calculate the greatest common divisor of 60 and 685010.
10
What is the highest common divisor of 44 and 512?
4
What is the greatest common divisor of 2268 and 7479?
27
Calculate the highest common divisor of 85 and 4896.
17
What is the greatest common divisor of 1513 and 2567?
17
Calculate the greatest common factor of 455 and 114205.
455
Calculate the highest common factor of 280 and 5005.
35
Calculate the highest common factor of 168 and 9282.
42
What is the greatest common divisor of 155529 and 99?
99
What is the highest common divisor of 21 and 308343?
21
What is the greatest common factor of 18 and 856?
2
What is the highest common divisor of 42 and 100527?
21
Calculate the highest common factor of 1576 and 1379.
197
What is the greatest common divisor of 7912 and 1748?
92
What is the highest common factor of 129 and 193371?
129
Calculate the greatest common factor of 4448 and 7008.
32
Calculate the greatest common factor of 8890 and 6594.
14
Calculate the greatest common factor of 99 and 356598.
99
What is the greatest common factor of 1050 and 2810?
10
What is the greatest common factor of 68892 and 4?
4
Calculate the greatest common factor of 680 and 9418.
34
Calculate the greatest common factor of 48 and 522.
6
Calculate the greatest common factor of 5863 and 209.
11
Calculate the greatest common divisor of 718 and 632558.
718
Calculate the greatest common factor of 315 and 8890.
35
What is the greatest common factor of 300 and 13170?
30
Calculate the greatest common divisor of 1104 and 1725000.
552
Calculate the greatest common factor of 434 and 2478357.
217
What is the highest common factor of 3762 and 18854?
22
Calculate the highest common divisor of 117362 and 42994.
1162
Calculate the greatest common divisor of 9400 and 47893.
47
Calculate the greatest common factor of 8319 and 541266.
177
What is the greatest common divisor of 114 and 58686?
6
Calculate the highest common factor of 1837 and 649.
11
Calculate the highest common factor of 168 and 9863.
7
What is the highest common factor of 656 and 6355?
41
Calculate the greatest common factor of 640 and 6270.
10
Calculate the greatest common factor of 627 and 378.
3
Calculate the highest common factor of 9152885 and 1190.
595
What is the greatest common divisor of 26 and 1209845?
13
What is the greatest common divisor of 39315 and 45?
15
What is the greatest common divisor of 37587 and 51?
51
What is the greatest common divisor of 18447 and 572?
143
Calculate the greatest common divisor of 169